{"id":74,"date":"2013-10-14T13:59:21","date_gmt":"2013-10-14T12:59:21","guid":{"rendered":"http:\/\/localhost\/roller%20derby\/?page_id=74"},"modified":"2017-01-17T20:51:36","modified_gmt":"2017-01-17T19:51:36","slug":"les-arbitres-et-les-nso","status":"publish","type":"page","link":"https:\/\/rollerderbybordeaux.fr\/site\/teams\/les-arbitres-et-les-nso\/","title":{"rendered":"Les Necrofficials"},"content":{"rendered":"<p><strong>N\u00e9crofficials, roller derby\u00a0family<br \/>\n<\/strong><\/p>\n<p>S&rsquo;ils ne jouent pas, nos Officiels font partie int\u00e9grante du Roller Derby Bordeaux Club et prennent part au d\u00e9veloppement de la Ligue. Ils s&rsquo;entra\u00eenent avec les joueuses : ils les aident \u00e0 devenir de meilleures joueuses et les joueuses les aides \u00e0 devenir de meilleurs arbitres en retour.<\/p>\n<p>&nbsp;<\/p>\n<p><strong>Leur \u00e9pitaphe sera sans doute \u00ab\u00a0Roller Derby Rules\u00a0\u00bb<\/strong><\/p>\n<p>Un match de Roller Derby, c&rsquo;est 7 arbitres sur patins et 11 arbitres en baskets. Un crew.<br \/>\nChaleureux et bienveillants, ils\u00a0accueillent fort volontiers les novices dans leurs rangs qu&rsquo;ils accompagnent\u00a0dans leur d\u00e9couverte, leur pratique, puis leur ma\u00eetrise du Livre \u00ab\u00a0<a href=\"https:\/\/rules.wftda.com\/\">The Rules of Flat Track Roller Derby<\/a>\u00ab\u00a0.<\/p>\n<p>Dans la plus pure tradition de l&rsquo;entraide du petit monde du roller derby, les N\u00e9crofficials du RDBC sont aussi pr\u00eats \u00e0 aller filer un coup de main sur des matchs ext\u00e9rieurs.<\/p>\n<p><span style=\"color: #ff00ff;\">Les contacter : officials@rollerderbybordeaux.fr<\/span><\/p>\n<p style=\"text-align: center;\"><img decoding=\"async\" loading=\"lazy\" class=\"aligncenter size-large wp-image-1776\" src=\"http:\/\/rollerderbybordeaux.fr\/site\/wp-content\/uploads\/2017\/01\/DSC_4134-1024x725.jpg\" alt=\"DSC_4134\" width=\"1024\" height=\"725\" data-id=\"1776\" srcset=\"https:\/\/rollerderbybordeaux.fr\/site\/wp-content\/uploads\/2017\/01\/DSC_4134-1024x725.jpg 1024w, https:\/\/rollerderbybordeaux.fr\/site\/wp-content\/uploads\/2017\/01\/DSC_4134-300x212.jpg 300w, https:\/\/rollerderbybordeaux.fr\/site\/wp-content\/uploads\/2017\/01\/DSC_4134-768x544.jpg 768w, https:\/\/rollerderbybordeaux.fr\/site\/wp-content\/uploads\/2017\/01\/DSC_4134-128x91.jpg 128w\" sizes=\"(max-width: 1024px) 100vw, 1024px\" \/><\/p>\n","protected":false},"excerpt":{"rendered":"<p>N\u00e9crofficials, roller derby\u00a0family S&rsquo;ils ne jouent pas, nos Officiels font partie int\u00e9grante du Roller Derby Bordeaux Club et prennent part au d\u00e9veloppement de la Ligue. Ils s&rsquo;entra\u00eenent avec les joueuses : ils les aident \u00e0 devenir de meilleures joueuses et les joueuses les aides \u00e0 devenir de meilleurs arbitres en retour. &nbsp; Leur \u00e9pitaphe sera [&hellip;]<\/p>\n","protected":false},"author":1,"featured_media":0,"parent":76,"menu_order":0,"comment_status":"open","ping_status":"closed","template":"team-page.php","meta":[],"_links":{"self":[{"href":"https:\/\/rollerderbybordeaux.fr\/site\/wp-json\/wp\/v2\/pages\/74"}],"collection":[{"href":"https:\/\/rollerderbybordeaux.fr\/site\/wp-json\/wp\/v2\/pages"}],"about":[{"href":"https:\/\/rollerderbybordeaux.fr\/site\/wp-json\/wp\/v2\/types\/page"}],"author":[{"embeddable":true,"href":"https:\/\/rollerderbybordeaux.fr\/site\/wp-json\/wp\/v2\/users\/1"}],"replies":[{"embeddable":true,"href":"https:\/\/rollerderbybordeaux.fr\/site\/wp-json\/wp\/v2\/comments?post=74"}],"version-history":[{"count":3,"href":"https:\/\/rollerderbybordeaux.fr\/site\/wp-json\/wp\/v2\/pages\/74\/revisions"}],"predecessor-version":[{"id":1777,"href":"https:\/\/rollerderbybordeaux.fr\/site\/wp-json\/wp\/v2\/pages\/74\/revisions\/1777"}],"up":[{"embeddable":true,"href":"https:\/\/rollerderbybordeaux.fr\/site\/wp-json\/wp\/v2\/pages\/76"}],"wp:attachment":[{"href":"https:\/\/rollerderbybordeaux.fr\/site\/wp-json\/wp\/v2\/media?parent=74"}],"curies":[{"name":"wp","href":"https:\/\/api.w.org\/{rel}","templated":true}]}}