{"id":1397,"date":"2015-12-03T17:34:29","date_gmt":"2015-12-03T16:34:29","guid":{"rendered":"http:\/\/rollerderbybordeaux.fr\/site\/?page_id=1397"},"modified":"2017-11-06T20:44:35","modified_gmt":"2017-11-06T19:44:35","slug":"black-rotten-grapes","status":"publish","type":"page","link":"https:\/\/rollerderbybordeaux.fr\/site\/teams\/black-rotten-grapes\/","title":{"rendered":"Rotten Black Grapes"},"content":{"rendered":"<p style=\"text-align: center;\"><em><img decoding=\"async\" loading=\"lazy\" class=\"aligncenter wp-image-2178 size-large\" src=\"http:\/\/rollerderbybordeaux.fr\/site\/wp-content\/uploads\/2015\/12\/Blacks2018-1024x494.png\" alt=\"\" width=\"1024\" height=\"494\" data-id=\"2158\" srcset=\"https:\/\/rollerderbybordeaux.fr\/site\/wp-content\/uploads\/2015\/12\/Blacks2018.png 1024w, https:\/\/rollerderbybordeaux.fr\/site\/wp-content\/uploads\/2015\/12\/Blacks2018-300x145.png 300w, https:\/\/rollerderbybordeaux.fr\/site\/wp-content\/uploads\/2015\/12\/Blacks2018-768x371.png 768w, https:\/\/rollerderbybordeaux.fr\/site\/wp-content\/uploads\/2015\/12\/Blacks2018-128x62.png 128w\" sizes=\"(max-width: 1024px) 100vw, 1024px\" \/><\/em><\/p>\n<p><strong>Rotten Black Grapes \/ <em>Les Mauvaises Graines<\/em><\/strong><\/p>\n<p>Les Rotten Black Grapes, c&rsquo;est une trois\u00a0<em>\u00e9quipes intraligues<\/em> du RDBC.<\/p>\n<p>Chez les Blacks, on est l\u00e0 pour faire du roller derby \u00e0 la dur, brutal, rentre-dedans. Alors bon, les strat\u00e9gies retors, les tactiques en douce, c&rsquo;est pas leur truc : elles, elles la jouent r\u00e9glo et direct. Quand elles sont sur la piste, on peut \u00eatre s\u00fbr qu&rsquo;il y aura du show.<\/p>\n<p>Leurs fans, on les retrouve toujours dans la <em>suicide zone<\/em>, encourageant leurs potes, qu&rsquo;elles perdent ou qu&rsquo;elles gagnent, parce que c&rsquo;est dans l&rsquo;adversit\u00e9 qu&rsquo;on reconna\u00eet ses vrais potes justement.<\/p>\n<p>Les BlackRo sont des nanas plut\u00f4t tranquilles, tant qu&rsquo;on les cherche pas. Alors bien s\u00fbr, une fois l\u00e2ch\u00e9es sur le track, surtout face aux <em>Pimb\u00eaches aux Joues Roses<\/em>, l\u00e0, la premi\u00e8re qui touche \u00e0 leur Jammer, elle va le sentir passer.<\/p>\n<table border=\"0\" width=\"700\">\n<tbody>\n<tr bgcolor=\"#000000\">\n<th style=\"text-align: left;\" width=\"100%\"><span style=\"color: #ffffff;\">Saison 2017-2018 \u2729 Blocking Club IV \u2729<\/span><\/th>\n<\/tr>\n<\/tbody>\n<\/table>\n<table border=\"0\" width=\"700\">\n<tbody>\n<tr>\n<th style=\"text-align: left;\" width=\"20%\">DATE<\/th>\n<th style=\"text-align: left;\" width=\"24%\"><span style=\"color: #ff00ff;\">Pink Cheek Peaches<\/span><\/th>\n<th style=\"text-align: right;\" width=\"24%\">Rotten Black Grapes<\/th>\n<th style=\"text-align: right;\" width=\"24%\"><span style=\"color: #ff6600;\">Boom Bright Gold<br \/>\n<\/span><\/th>\n<th width=\"4%\"><\/th>\n<\/tr>\n<tr>\n<td style=\"text-align: left;\" height=\"35\"><em>1 Novembre<br \/>\n2017<\/em><\/td>\n<td style=\"text-align: center;\" height=\"35\">217<br \/>\n.<\/td>\n<td style=\"text-align: center;\" height=\"35\">.<br \/>\n<strong>179<\/strong><\/td>\n<td style=\"text-align: center;\" height=\"35\">109<br \/>\n<strong>142<\/strong><\/td>\n<\/tr>\n<tr>\n<td style=\"text-align: left;\" height=\"30\"><em>17 f\u00e9vrier<br \/>\n2018<br \/>\n<\/em><\/td>\n<td style=\"text-align: center;\" height=\"30\"><strong>?<\/strong><br \/>\n<b>?<\/b><\/td>\n<td style=\"text-align: center;\" height=\"30\">?<\/td>\n<td style=\"text-align: center;\" height=\"30\">?<br \/>\n?<\/td>\n<\/tr>\n<tr>\n<td style=\"text-align: left;\" height=\"30\"><em>9 juin<br \/>\n2018<\/em><\/td>\n<td style=\"text-align: center;\" height=\"30\">?<\/td>\n<td style=\"text-align: center;\" height=\"30\">?<br \/>\n?<\/td>\n<td style=\"text-align: center;\" height=\"30\">?<\/td>\n<\/tr>\n<tr>\n<td style=\"text-align: left;\" height=\"30\"><em><br \/>\n<\/em><\/td>\n<td style=\"text-align: center;\" height=\"30\"><\/td>\n<td style=\"text-align: center;\" height=\"30\"><\/td>\n<td style=\"text-align: right;\" height=\"30\"><\/td>\n<\/tr>\n<\/tbody>\n<\/table>\n<table border=\"0\" width=\"700\">\n<tbody>\n<tr bgcolor=\"#6E6E6E\">\n<th style=\"text-align: left;\" width=\"100%\"><span style=\"color: #ffffff;\">Saison 2016-2017 \u00a0\u00a0\u00a0\u00a0 \u2729 Blocking Club III \u2729<\/span><\/th>\n<\/tr>\n<\/tbody>\n<\/table>\n<table border=\"0\" width=\"700\">\n<tbody>\n<tr>\n<th style=\"text-align: left;\" width=\"20%\">DATE<\/th>\n<th style=\"text-align: left;\" width=\"24%\"><span style=\"color: #ff00ff;\">Pink Cheek Peaches<\/span><\/th>\n<th style=\"text-align: right;\" width=\"24%\">Rotten Black Grapes<\/th>\n<th style=\"text-align: right;\" width=\"24%\"><span style=\"color: #ff6600;\">Boom Bright Wild<br \/>\n<\/span><\/th>\n<th width=\"4%\"><\/th>\n<\/tr>\n<tr>\n<td style=\"text-align: left;\" height=\"35\"><em>19 Novembre<br \/>\n2016<\/em><\/td>\n<td style=\"text-align: center;\" height=\"35\">83<br \/>\n47<\/td>\n<td style=\"text-align: center;\" height=\"35\"><strong>192<\/strong><br \/>\n.<\/td>\n<td style=\"text-align: center;\" height=\"35\">.<br \/>\n151<\/td>\n<\/tr>\n<tr>\n<td style=\"text-align: left;\" height=\"30\"><em>1 avril<br \/>\n2017<br \/>\n<\/em><\/td>\n<td style=\"text-align: center;\" height=\"30\">98<br \/>\n.<\/td>\n<td style=\"text-align: center;\" height=\"30\">.<br \/>\n<strong>300<\/strong><\/td>\n<td style=\"text-align: center;\" height=\"30\">215<br \/>\n88<\/td>\n<\/tr>\n<tr>\n<td style=\"text-align: left;\" height=\"30\"><em>1 juillet 2017<br \/>\n2017<\/em><\/td>\n<td style=\"text-align: center;\" height=\"30\">\u00a0.<br \/>\n121<\/td>\n<td style=\"text-align: center;\" height=\"30\">\u00a0<strong>134<\/strong><br \/>\n<strong> 136<\/strong><\/td>\n<td style=\"text-align: center;\" height=\"30\">116<br \/>\n.<\/td>\n<\/tr>\n<tr>\n<td style=\"text-align: left;\" height=\"30\"><em><br \/>\n<\/em><\/td>\n<td style=\"text-align: center;\" height=\"30\"><\/td>\n<td style=\"text-align: center;\" height=\"30\"><\/td>\n<td style=\"text-align: center;\" height=\"30\"><\/td>\n<\/tr>\n<\/tbody>\n<\/table>\n<table border=\"0\" width=\"500\">\n<tbody>\n<tr bgcolor=\"#6E6E6E\">\n<th style=\"text-align: left;\" width=\"100%\"><span style=\"color: #ffffff;\">Saison 2015-2016\u00a0\u00a0\u00a0\u00a0\u00a0 \u2729 Blocking Club II \u2729<\/span><\/th>\n<\/tr>\n<\/tbody>\n<\/table>\n<table border=\"0\" width=\"500\">\n<tbody>\n<tr>\n<th style=\"text-align: left;\" width=\"20%\">DATE<\/th>\n<th style=\"text-align: left;\" width=\"32%\"><span style=\"color: #ff00ff;\">Pink Cheek Peaches<\/span><\/th>\n<th style=\"text-align: right;\" width=\"32%\">Rotten Black Grapes<\/th>\n<th width=\"4%\"><\/th>\n<\/tr>\n<tr>\n<td style=\"text-align: left;\" height=\"35\"><em>12 D\u00e9cembre 2015<\/em><\/td>\n<td style=\"text-align: center;\" height=\"35\">160<\/td>\n<td style=\"text-align: center;\" height=\"35\"><strong><em>93<\/em><\/strong><\/td>\n<td style=\"text-align: center;\" height=\"35\"><\/td>\n<\/tr>\n<tr>\n<td style=\"text-align: left;\" height=\"30\"><em>23 Janvier<br \/>\n2016<br \/>\n<\/em><\/td>\n<td style=\"text-align: center;\" height=\"30\">\u00a0<em>132<\/em><\/td>\n<td style=\"text-align: center;\" height=\"30\"><strong><em>98<\/em><\/strong><\/td>\n<td style=\"text-align: right;\" height=\"30\"><\/td>\n<\/tr>\n<tr>\n<td style=\"text-align: left;\" height=\"30\"><em>\u00a019 Mars<\/em><br \/>\n<em> 2016<\/em><\/td>\n<td style=\"text-align: center;\" height=\"30\">\u00a0203<\/td>\n<td style=\"text-align: center;\" height=\"30\"><strong>\u00a0142<\/strong><\/td>\n<td style=\"text-align: right;\" height=\"30\"><\/td>\n<\/tr>\n<\/tbody>\n<\/table>\n","protected":false},"excerpt":{"rendered":"<p>Rotten Black Grapes \/ Les Mauvaises Graines Les Rotten Black Grapes, c&rsquo;est une trois\u00a0\u00e9quipes intraligues du RDBC. Chez les Blacks, on est l\u00e0 pour faire du roller derby \u00e0 la dur, brutal, rentre-dedans. Alors bon, les strat\u00e9gies retors, les tactiques en douce, c&rsquo;est pas leur truc : elles, elles la jouent r\u00e9glo et direct. Quand [&hellip;]<\/p>\n","protected":false},"author":1,"featured_media":0,"parent":76,"menu_order":0,"comment_status":"closed","ping_status":"closed","template":"team-page.php","meta":[],"_links":{"self":[{"href":"https:\/\/rollerderbybordeaux.fr\/site\/wp-json\/wp\/v2\/pages\/1397"}],"collection":[{"href":"https:\/\/rollerderbybordeaux.fr\/site\/wp-json\/wp\/v2\/pages"}],"about":[{"href":"https:\/\/rollerderbybordeaux.fr\/site\/wp-json\/wp\/v2\/types\/page"}],"author":[{"embeddable":true,"href":"https:\/\/rollerderbybordeaux.fr\/site\/wp-json\/wp\/v2\/users\/1"}],"replies":[{"embeddable":true,"href":"https:\/\/rollerderbybordeaux.fr\/site\/wp-json\/wp\/v2\/comments?post=1397"}],"version-history":[{"count":41,"href":"https:\/\/rollerderbybordeaux.fr\/site\/wp-json\/wp\/v2\/pages\/1397\/revisions"}],"predecessor-version":[{"id":2179,"href":"https:\/\/rollerderbybordeaux.fr\/site\/wp-json\/wp\/v2\/pages\/1397\/revisions\/2179"}],"up":[{"embeddable":true,"href":"https:\/\/rollerderbybordeaux.fr\/site\/wp-json\/wp\/v2\/pages\/76"}],"wp:attachment":[{"href":"https:\/\/rollerderbybordeaux.fr\/site\/wp-json\/wp\/v2\/media?parent=1397"}],"curies":[{"name":"wp","href":"https:\/\/api.w.org\/{rel}","templated":true}]}}