{"id":12,"date":"2013-07-31T17:22:09","date_gmt":"2013-07-31T16:22:09","guid":{"rendered":"http:\/\/localhost\/roller%20derby\/?page_id=12"},"modified":"2023-02-20T11:43:51","modified_gmt":"2023-02-20T10:43:51","slug":"la-ligue","status":"publish","type":"page","link":"https:\/\/rollerderbybordeaux.fr\/site\/la-ligue\/","title":{"rendered":"Roller Derby Bordeaux Club"},"content":{"rendered":"<h2>Un sport inclusif<\/h2>\n<p>Le Roller Derby Bordeaux Club est une Ligue enti\u00e8rement g\u00e9r\u00e9e par ses joueur.euses.<\/p>\n<p>Nous portons particuli\u00e8rement attention \u00e0 ce\u00a0que chacun.e puisse d\u00e9velopper une image\u00a0positive et valorisante d\u2019il.elle en tant\u00a0qu\u2019athl\u00e8te. Nos co\u00e9quipier.e.s sont les seul.e.s\u00a0\u00e0 nos c\u00f4t\u00e9s sur la piste quand nous affrontons\u00a0nos adversaires : nous en prenons soin.<\/p>\n<p>&nbsp;<\/p>\n<h2>Philosophie<\/h2>\n<p><em><strong>Par les Joueur.euses, pour les Joueurs.euses<\/strong><\/em><\/p>\n<p><strong>Nous d\u00e9fendons le Roller Derby comme un sport directement contr\u00f4l\u00e9 par celles et ceux qui le pratiquent.<\/strong><\/p>\n<p>La Ligue appartient \u00e0 celles.ceux qui sont sur la piste : ce sont ils.elles qui prennent les d\u00e9cisions.<\/p>\n<p>Nous sommes organis\u00e9s.\u00e9es autour de Comit\u00e9s impliquant chacun.e des membres de la Ligue. Tous les membres sont encourag\u00e9s.\u00e9es \u00e0 s\u2019investir dans le d\u00e9veloppement et le fonctionnement de la Ligue, selon leurs choix, et les d\u00e9cisions sont prises de mani\u00e8re concert\u00e9e et collective.<\/p>\n<p><em><strong>Serious Sport, Serious Fun<\/strong><\/em><\/p>\n<p>Nous prenons le Roller Derby tr\u00e8s au s\u00e9rieux, surtout sur la piste.<\/p>\n<p>Nous travaillons dur pendant les entra\u00eenements avec l\u2019objectif d\u2019aller nous frotter aux autres \u00e9quipes \u00e0 travers l\u2019Europe enti\u00e8re. En parall\u00e8le,\u00a0 nous apportons tout notre soutien, tout notre concours, et nous partageons nos connaissances avec les autres \u00e9quipes fran\u00e7aises qui se lancent dans l\u2019aventure : la communaut\u00e9 et la derby family, pour nous, ce n&rsquo;est pas qu&rsquo;un mot.<\/p>\n<p>Nous prenons le Roller Derby tr\u00e8s au s\u00e9rieux. Nous assumons nos pseudos d\u00e9cal\u00e9s, les tenues os\u00e9es, l&rsquo;envie de faire le spectacle sur le track ! Nous assumons les after-parties (ouais, nous, apr\u00e8s les matchs, la f\u00eate continue) et nos musiques d&rsquo;entr\u00e9es emprunt\u00e9es aux pistes de danse.<\/p>\n<p>Oh et puis finalement, sur la piste, c&rsquo;est pareil : le Roller Derby, c&rsquo;est avant tout un jeu ! Place au fun !<\/p>\n<p>&nbsp;<\/p>\n<h2>Club Sportif<\/h2>\n<p>Comme n&rsquo;importe quel club sportif, nous sommes organis\u00e9s.\u00e9es sous forme d&rsquo;association \u00e0 but non lucratif (loi 1901).<\/p>\n<p>Nous sommes membres de la WFTDA (Women Flat Track Derby Association). La WFTDA est une Association de Ligues b\u00e9n\u00e9voles \u00e0 travers le monde entier qui oeuvre \u00e0 soutenir le d\u00e9veloppement du Roller Derby dans le respect de ses joueuses et des Ligues, et qui \u00e9dite les R\u00e8gles du Jeu.<\/p>\n<p>Afin de forcer la reconnaissance du Roller Derby en tant que sport en France, le Club a adh\u00e9r\u00e9 \u00e0 la FFRS en 2010 (F\u00e9d\u00e9ration Fran\u00e7aise de Roller Sport).<\/p>\n<p>Dans un soucis d\u2019\u00e9galit\u00e9, les b\u00e9n\u00e9fices de\u00a0nos \u00e9v\u00e9nements permettent aux\u00a0joueurs.euses de tout budget de\u00a0participer aux d\u00e9placements\u00a0lors des matchs nationaux\u00a0et internationaux.<\/p>\n","protected":false},"excerpt":{"rendered":"<p>Un sport inclusif Le Roller Derby Bordeaux Club est une Ligue enti\u00e8rement g\u00e9r\u00e9e par ses joueur.euses. Nous portons particuli\u00e8rement attention \u00e0 ce\u00a0que chacun.e puisse d\u00e9velopper une image\u00a0positive et valorisante d\u2019il.elle en tant\u00a0qu\u2019athl\u00e8te. Nos co\u00e9quipier.e.s sont les seul.e.s\u00a0\u00e0 nos c\u00f4t\u00e9s sur la piste quand nous affrontons\u00a0nos adversaires : nous en prenons soin. &nbsp; Philosophie Par les [&hellip;]<\/p>\n","protected":false},"author":1,"featured_media":0,"parent":0,"menu_order":0,"comment_status":"open","ping_status":"open","template":"ligue-page.php","meta":[],"_links":{"self":[{"href":"https:\/\/rollerderbybordeaux.fr\/site\/wp-json\/wp\/v2\/pages\/12"}],"collection":[{"href":"https:\/\/rollerderbybordeaux.fr\/site\/wp-json\/wp\/v2\/pages"}],"about":[{"href":"https:\/\/rollerderbybordeaux.fr\/site\/wp-json\/wp\/v2\/types\/page"}],"author":[{"embeddable":true,"href":"https:\/\/rollerderbybordeaux.fr\/site\/wp-json\/wp\/v2\/users\/1"}],"replies":[{"embeddable":true,"href":"https:\/\/rollerderbybordeaux.fr\/site\/wp-json\/wp\/v2\/comments?post=12"}],"version-history":[{"count":14,"href":"https:\/\/rollerderbybordeaux.fr\/site\/wp-json\/wp\/v2\/pages\/12\/revisions"}],"predecessor-version":[{"id":2367,"href":"https:\/\/rollerderbybordeaux.fr\/site\/wp-json\/wp\/v2\/pages\/12\/revisions\/2367"}],"wp:attachment":[{"href":"https:\/\/rollerderbybordeaux.fr\/site\/wp-json\/wp\/v2\/media?parent=12"}],"curies":[{"name":"wp","href":"https:\/\/api.w.org\/{rel}","templated":true}]}}