{"id":106,"date":"2013-10-14T15:25:43","date_gmt":"2013-10-14T14:25:43","guid":{"rendered":"http:\/\/localhost\/roller%20derby\/?page_id=106"},"modified":"2018-02-16T12:39:58","modified_gmt":"2018-02-16T11:39:58","slug":"devenir-adherent-ou-benevole","status":"publish","type":"page","link":"https:\/\/rollerderbybordeaux.fr\/site\/prochain-recrutement\/devenir-adherent-ou-benevole\/","title":{"rendered":"speaker, photographe, b\u00e9n\u00e9vole &#8230;"},"content":{"rendered":"<p style=\"text-align: center;\"><a href=\"http:\/\/rollerderbybordeaux.fr\/site\/wp-content\/uploads\/2013\/10\/DSC_6547.jpg\"><img decoding=\"async\" loading=\"lazy\" class=\"aligncenter wp-image-2108 size-large\" src=\"http:\/\/rollerderbybordeaux.fr\/site\/wp-content\/uploads\/2013\/10\/sombreros-1024x148.jpg\" alt=\"\" width=\"1024\" height=\"148\" data-id=\"608\" srcset=\"https:\/\/rollerderbybordeaux.fr\/site\/wp-content\/uploads\/2013\/10\/sombreros-1024x148.jpg 1024w, https:\/\/rollerderbybordeaux.fr\/site\/wp-content\/uploads\/2013\/10\/sombreros-300x43.jpg 300w, https:\/\/rollerderbybordeaux.fr\/site\/wp-content\/uploads\/2013\/10\/sombreros-768x111.jpg 768w, https:\/\/rollerderbybordeaux.fr\/site\/wp-content\/uploads\/2013\/10\/sombreros-128x19.jpg 128w\" sizes=\"(max-width: 1024px) 100vw, 1024px\" \/><\/a><\/p>\n<p><strong>Envie de nous rejoindre : venez nous rencontrer le samedi \u00e0 Darwin\/Caserne Niel<br \/>\n<\/strong><\/p>\n<p>Vous adorez le roller derby et vous aimeriez en faire un peu plus que le fan (ce qui est d\u00e9j\u00e0 beaucoup) ?<br \/>\nRejoignez la bande des Sombrh\u00e9ros !<\/p>\n<p>Le Roller derby Bordeaux Club est enti\u00e8rement g\u00e9r\u00e9 par ses membres. Mais pour dire la v\u00e9rit\u00e9, nombreuses et nombreux sont celles et ceux qui nous filent des coups de mains et qui contribuent \u00e0 ce que nous atteignons nos objectifs.<\/p>\n<p>Photographes, vid\u00e9astes, graphistes, mais aussi g\u00e9nie de l&rsquo;organisation, pro de l\u2019\u00e9v\u00e9nementiel, kin\u00e9, et encore speaker, ma\u00eetre-sse de la buvette&#8230; ces postes sont aussi occup\u00e9s par des b\u00e9n\u00e9voles qui ont envie de nous soutenir.<\/p>\n<p>N&rsquo;h\u00e9sitez pas \u00e0 <a href=\"http:\/\/rollerderbybordeaux.fr\/site\/contact\/\">prendre contact<\/a> avec nous ou \u00e0 venir nous rencontrer les samedis \u00e0 Darwin (87 quai des Queyries, Bordeaux).<\/p>\n","protected":false},"excerpt":{"rendered":"<p>Envie de nous rejoindre : venez nous rencontrer le samedi \u00e0 Darwin\/Caserne Niel Vous adorez le roller derby et vous aimeriez en faire un peu plus que le fan (ce qui est d\u00e9j\u00e0 beaucoup) ? Rejoignez la bande des Sombrh\u00e9ros ! Le Roller derby Bordeaux Club est enti\u00e8rement g\u00e9r\u00e9 par ses membres. Mais pour dire [&hellip;]<\/p>\n","protected":false},"author":1,"featured_media":0,"parent":98,"menu_order":0,"comment_status":"open","ping_status":"open","template":"recrut-page.php","meta":[],"_links":{"self":[{"href":"https:\/\/rollerderbybordeaux.fr\/site\/wp-json\/wp\/v2\/pages\/106"}],"collection":[{"href":"https:\/\/rollerderbybordeaux.fr\/site\/wp-json\/wp\/v2\/pages"}],"about":[{"href":"https:\/\/rollerderbybordeaux.fr\/site\/wp-json\/wp\/v2\/types\/page"}],"author":[{"embeddable":true,"href":"https:\/\/rollerderbybordeaux.fr\/site\/wp-json\/wp\/v2\/users\/1"}],"replies":[{"embeddable":true,"href":"https:\/\/rollerderbybordeaux.fr\/site\/wp-json\/wp\/v2\/comments?post=106"}],"version-history":[{"count":12,"href":"https:\/\/rollerderbybordeaux.fr\/site\/wp-json\/wp\/v2\/pages\/106\/revisions"}],"predecessor-version":[{"id":2191,"href":"https:\/\/rollerderbybordeaux.fr\/site\/wp-json\/wp\/v2\/pages\/106\/revisions\/2191"}],"up":[{"embeddable":true,"href":"https:\/\/rollerderbybordeaux.fr\/site\/wp-json\/wp\/v2\/pages\/98"}],"wp:attachment":[{"href":"https:\/\/rollerderbybordeaux.fr\/site\/wp-json\/wp\/v2\/media?parent=106"}],"curies":[{"name":"wp","href":"https:\/\/api.w.org\/{rel}","templated":true}]}}